4 - (1 - 3))
-6
What is the value of 0 - (3 - 4) - (-8 - -4)?
5
What is the value of 5 + 4 + (1 - 15)?
-5
-5 + -2 + 2 + 3 + 4
2
-2 + -15 - -8 - -1
-8
Calculate 3 - 2 - (-31 + 35).
-3
What is the value of 7 + 1 + -1 + 1?
8
Calculate -7 - (-18 - -7) - (4 - 1).
1
10 + (3 - 6) - 8
-1
Evaluate 3 + (-4 - 2 - (25 + -25)).
-3
What is the value of 0 - (-2 + (2 - 3) + -3)?
6
Calculate 15 - 7 - (7 - 3).
4
What is (14 + -16 - -3) + (0 - 12)?
-11
Evaluate 2 - (-5 + 8) - -4.
3
What is the value of -1 + (3 - (-1 + 4)) + -3?
-4
7 + -10 - (1 - 1)
-3
1 + 2 - (4 - (13 + -11))
1
What is the value of 9 + -4 + (7 + 1 - 3)?
10
What is (-8 - -12) + -6 + 1 + -5?
-6
-8 - (-10 + (-8 - -8))
2
(3 - 5 - 2) + 3
-1
Evaluate (-19 - -13) + (1 - -7).
2
What is -6 + -9 + 11 + (-1 - -1)?
-4
Calculate (-5 - (-2 + 3)) + 11 + -9.
-4
What is the value of (8 - 6 - (2 - 0)) + 5?
5
Calculate 2 + 0 - (-6 - 1) - 5.
4
1 + -6 + 2 + 7
4
1 - (1 + 2 - -1)
-3
Calculate -5 + 0 - -4 - -3.
2
What is -9 - (1 + -7 + 6)?
-9
What is 31 + -26 + (-12 - -2)?
-5
What is the value of -11 - (-8 + 2 + -10)?
5
What is -1 + 5 + -3 + -4 + 4?
1
What is the value of 0 - (4 + -2) - (-1 - -2)?
-3
Calculate 1 - (4 + -6 + -1).
4
What is (-1 - 2) + 1 + -1?
-3
Evaluate 5 - (2 + 0) - 3.
0
Evaluate -4 + (3 - 4 - -7).
2
Calculate 8 - (6 + (0 - 2) + -3).
7
What is 2 + 7 + -2 + -2?
5
7 + (4 - 11) - 2
-2
Calculate 1 + (-2 + 1 - 0).
0
What is 4 + (2 + -2 - (-3 + 0))?
7
What is -7 + 5 + 2 + -1 + 3?
2
What is -11 + (-4 - (-8 + -7))?
0
Evaluate (1 - -3) + 6 + -7.
3
What is 1 + 1 + (-10 - -4)?
-4
What is the value of (-3 - 0) + 1 + 9 + 2?
9
Calculate -1 + 8 + -4 + -1.
2
What is the value of -10 + (6 - 1) + 6?
1
Calculate -6 - 0 - 2 - -3.
-5
What is 2 - (0 + 1) - (11 - 9)?
-1
What is the value of -5 + 0 - (13 + -21 + 6)?
-3
Calculate 0 + (-7 - ((-1 - -5) + -5)).
-6
Calculate 10 + -1 - (-140 + 145).
4
What is the value of -1 - 10 - 3 - -6?
-8
36 + -10 + -13 - 4
9
What is 1 - -5 - (12 + -3 + -1)?
-2
Evaluate (-3 - -1) + 2 + 5.
5
3 - (-1 - -2) - (2 + -4)
4
Evaluate -1 + -1 - ((1 - 4) + 6).
-5
4 - (-3 + 4) - (7 - 0)
-4
Evaluate (5 - 4) + -2 + 5 - 1.
3
What is 0 + (-2 - 0 - -7) + -9?
-4
Calculate 0 - (1 + -6) - (2 + -1).
4
What is -14 + 3 + 2 + 14?
5
-8 - ((0 + -1 - 3) + 0)
-4
What is 1 + -6 + -2 - 4 - -6?
-5
What is the value of (3 - (1 + -1)) + -1?
2
-7 + 9 + -1 - (-2 - -3)
0
Calculate -5 + -2 + 2 + 1.
-4
9 + (-4 - -17) + -12
10
Evaluate (-6 - (-7 - (2 - 4))) + 0.
-1
What is the value of -2 - ((-1 - 4) + (3 - 3))?
3
What is the value of (3 - -2 - (-3 - -6)) + -3?
-1
What is the value of 9 + -8 + (6 - 2)?
5
What is the value of -18 + 11 + 6 + -2?
-3
What is 6 + (-2 - -3) + -4?
3
What is the value of (-24 - -17) + (2 - -2)?
-3
What is (6 + -12 - -3) + (3 - 5)?
-5
Evaluate -1 - (2 + -1 + 4 - -1).
-7
0 - 5 - (29 - 35)
1
Calculate -8 - (-5 + 0) - (-8 - 1).
6
What is 10 + 2 + -2 + -5 - 4?
1
What is (-2 - 2) + (-10 - -7)?
-7
Calculate 3 + 6 - (10 + -9) - 4.
4
Evaluate (-2 - (-7 + 11)) + 1.
-5
What is -5 - (5 - (5 - -3))?
-2
-31 - -31 - (-1 + -6) - 9
-2
Calculate (-6 - -18) + -1 + -1 + -5.
5
What is the value of -5 - (1 + -3 + (-8 - -7))?
-2
-21 + 28 - (2 - -1) - -1
5
What is (-5 - -10) + -3 - -1?
3
(-17 - -6) + -7 + 25
7
What is the value of 4 + (-6 - -6) + (1 - 1)?
4
Evaluate -1 + (-6 - -7) + -5 + 0.
-5
Calculate 0 + 6 + (-2 - (1 + 0)).
3
(-1 + 0 - -3) + 1 + -3
0
What is the value of 3 + (0 - 1 - -2)?
4
Evaluate 0 + -2 - (-88 - -83).
3
What is the value of 2 + -2 + -2 + (-6 - -10)?
2
What is the value of -6 + -1 - ((1 - 11) + 9)?
-6
Evaluate (-6 + 5 - -3) + -5.
-3
What is the value of (-14 - -12) + (1 - -2)?
1
What is -2 - (-7 - (0 + -6))?
-1
What is 6 - 9 - (1 - -2)?
-6
What is (2 + -5 - (3 + -12)) + -1?
5
What is the value of -2 + -1 + 2 + 1?
0
What is 2 + (5 + -3 - 0 - -6)?
10
What is (5 - (-3 + 6)) + 0?
2
What is 1 + 5 - (-8 - (-12 - 0))?
2
Calculate 6 - (-1 + 5 + 4 - 0).
-2
Calculate 1 + (2 - -3) + -2 - 6.
-2
Evaluate -4 - (5 + -4 + -3 + 0).
-2
What is the value of -14 + 15 - (-1 + -3)?
5
What is the value of -5 + 7 + 1 + 1?
4
Calculate -16 - -3 - (1 + 0 - 8).
-6
6 + (-12 - (-7 - 1))
2
What is (-1 - -2) + (1 - -2) + -2?
2
Calculate -3 - 2 - -4 - -1 - 5.
-5
Evaluate -13 + (11 - (3 - 0)).
-5
Calculate 32 - 35 - (1 + 1).
-5
Evaluate -1 + 2 + 2 + -3.
0
What is (4 - 1) + 1 + -13 + 13?
4
What is 5 + -3 + 3 + (27 - 25)?
7
Evaluate (-5 - (-1 - -6)) + 2 - 0.
-8
Calculate 1 - -3 - (-4 - -16).
-8
2 - 4 - (0 + 0)
-2
Evaluate -1 + (3 - 1) - (-5 - -11).
-5
0 + (6 - 1) + (1 - 0)
6
(-10 - -21) + -4 - (2 - -6)
-1
2 + (1 - (-1 - -6))
-2
-4 + (5 - 10) + 8
-1
Calculate -3 - ((-4 - -9) + -6).
-2
Evaluate 1 + -2 + -2 + 8.
5
1 - (-2 - (-2 - -3))
4
What is the value of 2 - (4 + 4 + -2 + -3)?
-1
-1 - (1 - (-9 - -14) - -9)
-6
Evaluate 11 + -8 + (1 - 5).
-1
1 - (3 + 0 + -6)
4
Evaluate -2 + -6 + 10 + (2 - -1).
5
(-4 - -1) + (37 - 26) + -5
3
4 + -3 + -3 - (9 - 15)
4
Evaluate 4 + -7 - (1 + -9).
5
What is the value of -5 + (7 - 2) - (0 + 3)?
-3
What is the value of (-6 - 0 - (-5 + 0)) + 2?
1
0 + -1 + 2 + 3
4
(7 - 9) + 1 - -6
5
What is the value of -3 - (5 + -7 + (1 - -5))?
-7
Evaluate (-3 - 0) + 2 + 5.
4
Evaluate 7 - (0 + 7 + (0 - 5)).
5
What is the value of -5 - (-16 + 0) - 6?
5
Evaluate 9 + 0 + -3 - 1.
5
What is the value of -1 - 2 - (16 - 24)?
5
What is 3 - ((6 - 11 - -6) + 4)?
-2
Evaluate 3 + 0 + -3 + 5.
5
What is the value of 2 + -3 + (1 + -6 - -4)?
-2
What is the value of 19 - 18 - (1 - 2)?
2
Evaluate (0 - (-3 - -8)) + 4 + 0.
-1
Evaluate -1 + 1 - (0 + 1) - -2.
1
What is the value of -15 - (-22 - -9 - -5)?
-7
Evaluate ((-6 - -3) + 7 - 0) + -5.
-1
Calculate -1 + (1 - (4 - 9)).
5
Evaluate -9 - (0 + -2) - -4.
-3
What is (1 + -6 + 2 - 3) + 3?
-3
Evaluate 0 + (-4 - -3) + -3 + 5.
1
Evaluate 0 + 2 + (-7 - -4).
-1
(-3 + (-1 - -4) - 1) + -7
-8
What is 8 + -8 - (-2 - (4 + -6))?
0
-5 - (0 + -4 + (0 - 6))
5
Calculate (-42 - -46) + -11 + (-2 - -1).
-8
What is -2 + -5 + 3 + (5 - 7)?
-6
What is 1 + -8 + 6 + 4?
3
-5 + 6 - (-5 - -3)
3
What is -6 - (-4 - (5 + (-4 - 0)))?
-1
What is the value of (-7 - -4) + 3 + 2?
2
6 - (5 - 6 - (-4 - -1))
4
12 + (-11 - 12) + (3 - -1)
-7
What is 5 - -3 - (6 - 3)?
5
-3 - (-10 - -8) - 3
-4
2 + -5 + (2 - -3)
2
Evaluate (-3 - (-4 + 1) - 4) + 3.
-1
What is 13 + -2 + 0 + -6 + 1?
6
What is the value of (2 - 4) + 11 + -4 - 0?
5
What is -10 + 4 + (-3 + 0 - -7)?
-2
Calculate -8 + 5 + (-4 + 0 - -3).
-4
What is 2 + (-10 - (-4 - 0))?
-4
Evaluate -13 + 3 + (-8 - -11).
-7
1 - (1 - 9) - (7 - -1)
1
Evaluate (9 - (-1 - -3)) + -8.
-1
What is (4 - 3) + -4 - -6?
3
(-5 - (-11 - -3)) + -5
-2
What is the value of 1 + 2 + -8 + 5?
0
What is (-1 - -3) + 4 - 2?
4
Calculate 0 - 8 - (12 + -26 - -13).
-7
What is the value of (-7 - -5) + 6 + 2?
6
Calculate 11 + (-9 - -3) + (-4 - -1).
2
Evaluate -1 - 2 - (-10 + 6).
1
1 - 0 - -2 - (-6 - -4)
5
1 + 0 + 47 + -50 - 5
-7
Calculate 5 - (2 - (-5 - -6)).
4
-7 + 2 + -1 + 7 + 4
5
What is the value of 1 + (-6 - ((2 - 4) + 1))?
-4
Calculate 1 + -1 - (-1 + 6 + -4).
-1
What is the value of -10 + (-3 - -9) + -1?
-5
What is the value of (-2 - -2) + -2 + 0?
-2
1 + 4 + 50 + -53
2
What is the value of (-3 - (-20 + 13)) + -9 + -1?
-6
Calculate (0 - (-2 - -3)) + 12 + -6.
5
Calculate (-1 - (3 - -1)) + 4.
-1
What is 6 - (2 - (-3 - -5 - 1))?
5
What is the value of (-12 - -10) + -1 + 5?
2
Evaluate (1 - 1) + 12 + -1 + -18.
-7
Calculate 6 + (-10 - -5) - (-1 - -6).
-4
Calculate 2 + (1 - (4 + -1)) + -5.
-5
(0 - 2) + (21 + -5 - 16)
-2
What is the value of 4 + (-10 - -5) + -4 + -2?
-7
Evaluate -8 + 9 + 1 + 1.
3
What is the value of 1 + 1 + -7 + 3 - 0?
-2
What is (0 - 1) + -31 + 27 - -10?
5
Evaluate 2 + -1 - (-7 - (1 - 6)).
3
Evaluate 4 + -11 + (1 - -1).
-5
What is the value of -3 + 10 + -9 + 7 + 1?
6
What is the value of (-15 - 1) + (105 - 94)?
-5
Evaluate 0 + 1 + -20 + 18.
-1
4 - (3 + 3) - -4
2
What is the value of -4 - ((-2 - -8) + -8)?
-2
Evaluate (1 - -6) + -1 - (24 - 21).
3
Evaluate -2 + 4 - (3 + 2).
-3
What is the value of (0 - -6) + (-13 - -12)?
5
What is 8 + -2 + (-2 - (-3 - -5))?
2
What is the value of (2 + 3 - 8) + (1 - -7)?
5
What is the value of 3 - (5 - (-3 - -5) - 3)?
3
Calculate 2 + (0 - -3 - 6).
-1
What is the value of -2 - -1 - (-28 - -30)?
-3
Evaluate (0 - (4 + -5)) + 4.
5
What is the value of 2 - 1 - (13 + -15)?
3
Calculate (2 - (4 + -